Suppose -16*u + 15 = -11*u. What is the highest common factor of z and u?
3
Suppose j - 11 = 4*w, 3 = -j - w + 4. Let x be j/(18/14)*(28 + 2). What is the greatest common divisor of 10 and x?
10
Let s be (-3)/(-6) - (-5)/((-10)/11). Let z = s + 11. Calculate the greatest common divisor of 9 and z.
3
Let c(g) = -3*g + 9. Let j be c(2). Let i be 124 - 19 - 1*j. Calculate the highest common divisor of i and 17.
17
Suppose -2*c = -f - 7*c + 62, -76 = -2*f + 2*c. What is the greatest common divisor of f and 112?
14
Suppose 0 = 3*j + 2*r - 36, 4*j - 4*r + 7*r = 48. What is the greatest common factor of j and 9?
3
Suppose -2*q = 3*y + 69, q - 184 = 6*q - 4*y. Let k be q/(-6) - (0 - 0). Calculate the highest common factor of k and 54.
6
Let h(i) = 184*i**2 + 16*i - 16. Let l be h(1). What is the highest common factor of l and 12?
4
Suppose -4*p - 6 = -7*p. Let q = 146 - 164. Let i = p - q. Calculate the highest common factor of i and 4.
4
Let f(w) = -w**3 - 6*w**2 + 4*w + 13. Let j be f(-5). Let y = 54 + j. Calculate the greatest common divisor of 22 and y.
22
Suppose 0*h = -2*h + 64. Let v = h - 14. Calculate the highest common factor of v and 9.
9
Let y = 3 - 3. Let o = 4 - y. Suppose 0 = -2*u + 4*x + 36, u = 3*u - 5*x - 31. Calculate the greatest common divisor of o and u.
4
Suppose -2179 - 1697 = -12*m. Calculate the highest common divisor of 17 and m.
17
Let i = 90 + -96. Let x(t) = -26*t - 45. Let m be x(i). What is the highest common factor of m and 74?
37
Let g be -90 + (3 - 6)*(-4)/(-3). Suppose 4*d + o = -50 + 603, d = 3*o + 148. Let b = d + g. What is the highest common factor of b and 9?
9
Suppose 3*g - 2*c - 25 = 0, -10*c + 6*c - 36 = -4*g. Let l be (-9)/(-21) + 484/14. Calculate the greatest common divisor of g and l.
7
Suppose -3*s - 9 = -4*o + 3*o, 0 = -4*o - s + 75. Calculate the greatest common divisor of 63 and o.
9
Let y(b) be the third derivative of b**6/120 - b**5/10 + b**4/12 + b**3/3 - b**2. Let d be y(6). Let f = d + 14. What is the highest common divisor of f and 7?
7
Let w(q) = q**2 - 2*q - 3. Let v be w(6). Suppose 34 + v = 5*g. Let h be (-4)/18 + 101/9. What is the highest common divisor of h and g?
11
Let m be 1/7 - 1620/(-126). What is the greatest common factor of 299 and m?
13
Suppose 0 = k - 5, 3*k - 14 = -w + 9. Let q be 399/28 + 6/w. Suppose -3*z = z - 660. What is the highest common divisor of z and q?
15
Let r = -73 - -70. Let t be (-96)/18*r/2. Calculate the greatest common factor of 80 and t.
8
Suppose 7*k - 37 = 236. Calculate the greatest common divisor of k and 52.
13
Suppose 3*o - 20 = -11. Suppose a = k + 36, -3*a - o*k + 148 = 2*a. Suppose -4*n - 48 = -5*n. Calculate the highest common divisor of a and n.
16
Let b(j) = j**2 - 124*j - 1777. Let t be b(-13). Let x(g) = -g**3 + 4*g**2 + 8*g - 3. Let h be x(5). Calculate the highest common factor of t and h.
4
Let f be ((-150)/(-9))/((-9)/(135/(-10))). What is the greatest common factor of 200 and f?
25
Let t = -435 + 462. Calculate the highest common divisor of 27 and t.
27
Let i be ((-95)/20)/(1/(-4)). Let l = 184 - 108. Calculate the greatest common divisor of l and i.
19
Let f(b) be the third derivative of -b**4/8 + 27*b**3/2 + 9*b**2. Let y be f(0). What is the greatest common divisor of y and 54?
27
Let i be (-55)/330 + 7183/6. What is the highest common divisor of 63 and i?
63
Let g(m) = 2*m + 18. Let k be g(-4). What is the highest common divisor of 330 and k?
10
Suppose -4*w = 5*p + 372, -4*p - 78 = -3*p - w. Let k = p + 97. Calculate the greatest common factor of 6 and k.
3
Suppose b - 105 = -2*b. What is the greatest common factor of b and 3395?
35
Let j = -70 - -64. Let m = j + 76. Calculate the greatest common divisor of m and 10.
10
Suppose o + 33 = 113. Calculate the highest common factor of 60 and o.
20
Suppose 0 = -4*i + 188 + 76. Let y = i - 54. Calculate the greatest common factor of 18 and y.
6
Let v be 1*8*(-6)/(-12). Suppose -5*l = -3*q + 46 - 12, 4*q + v*l - 24 = 0. Calculate the highest common divisor of q and 40.
8
Let d = 44 + -41. Let g be (8/16)/(d/2)*45. Calculate the highest common divisor of g and 20.
5
Let d = 31 - 19. Suppose -5*u - d + 47 = 0. Calculate the highest common divisor of 1 and u.
1
Suppose 3*c - 1 - 2 = -3*a, 4*c = a + 19. Suppose 0 = 3*n + 3*s + 6, 0 = -2*n - s - 0*s. Let x be (4 - 0)*2/n. Calculate the greatest common divisor of c and x.
4
Let v be -70*1/6*-3. Let z = 37 - v. What is the highest common divisor of 10 and z?
2
Let z be 1/2 - 1107/8*-4. Calculate the highest common factor of 2 and z.
2
Let r = 30 + 20. Suppose r = 6*p - p. Let i(l) = l**3 - 10*l**2 + 4*l - 4. Let s be i(p). Calculate the greatest common factor of 18 and s.
18
Let t = -164 + 285. Calculate the highest common factor of 22 and t.
11
Suppose 0 = 6*d + 177 - 231. What is the greatest common factor of 63 and d?
9
Suppose 0 = -5*p - u + 56, p = 5*u + 38 - 6. Suppose -237 = -2*f + y, -2*f - 23*y + 21*y = -246. What is the greatest common factor of p and f?
12
Let t = -36 + 38. Suppose t*i + 3 - 93 = 0. What is the highest common divisor of i and 18?
9
Let n(h) = -4*h + 16. Let x be n(4). Suppose 0 = 2*s + i - 29, -4*s + 3*i + 2*i + 23 = x. Calculate the highest common divisor of s and 84.
12
Let t(l) = 3*l**2 + l. Let u be t(-1). Let r(f) = 24*f**2 - f - 4. Let j be r(u). Calculate the greatest common divisor of 10 and j.
10
Let n be (1 - -1) + -47 + 48. What is the greatest common factor of n and 375?
3
Suppose 2*d + 0 = -6. Let w(v) = -v + 3. Let p be w(-6). Let y = d + p. What is the greatest common factor of 15 and y?
3
Suppose 0 = -x + 11*x - 1440. Calculate the greatest common divisor of x and 18.
18
Let g = 6 + 17. Let z be 3 - (1275/1)/5. Let x be 0/(-4) - (-1 + z). Calculate the highest common factor of x and g.
23
Suppose 16*l - 329 = -9. What is the greatest common factor of 185 and l?
5
Let w(a) = a**3 + 2*a**2 + 2*a + 352. Suppose -2*n + 1 = 1. Let l be w(n). Calculate the highest common factor of 32 and l.
32
Let f(y) = -28*y + 292. Let k be f(9). Let p = 19 - 3. Calculate the greatest common factor of k and p.
8
Let w(v) = -v**3 + 18*v**2 + 25*v + 63. Let l be w(19). What is the highest common factor of l and 472?
59
Let f be 9/(-1) + 8 + 129. What is the highest common divisor of 160 and f?
32
Let p(k) = -7*k**3 + 2*k**2 + 2*k - 3. Let d be p(1). Let f be d*(-3 - (-9)/6). What is the greatest common divisor of 45 and f?
9
Let r(j) = 103*j + 60. Let y be r(4). Calculate the highest common divisor of y and 177.
59
Let m(d) = -12*d. Let q be m(5). Let w = q - -85. What is the highest common factor of w and 275?
25
Let p(o) = 2*o**2 + 3*o + 7. Let m be p(5). Suppose -30*x + 38 = -25*x + 2*s, -5*x - 4*s + 36 = 0. Calculate the highest common divisor of m and x.
8
Suppose -2*h = -d + 12, -3*d + 4*h = 2*d - 54. Let v(u) = -u. Let m be v(d). Let k be m/(-4)*(-24)/(-15). What is the highest common divisor of k and 8?
4
Let s(j) = -33*j + 75*j + 1 + 227*j. Let b be s(1). What is the greatest common divisor of 108 and b?
54
Suppose 22 = 5*w + b - 4*b, -4*w - b + 4 = 0. Suppose -g = -o - 3*o - 8, w*g = -3*o + 5. Calculate the highest common divisor of g and 4.
4
Let r = 30 + -54. Let c be r/(-32) + 141/4. Calculate the highest common divisor of 54 and c.
18
Suppose -b + 3*h + 0*h = -79, 0 = -h - 2. What is the highest common factor of 1168 and b?
73
Let o = -22 + 21. Let g be 8/(-12) - ((-332)/(-3))/o. Calculate the highest common factor of 44 and g.
22
Suppose 8*i = i + 378. Let d = -23 + 50. What is the greatest common divisor of i and d?
27
Let c(f) = -2*f - 2. Let u be c(2). Let q be (0 + -6)/(u/128). Suppose 4*z + 0*z = -4*o + q, -o - 2*z + 37 = 0. What is the highest common divisor of o and 81?
27
Let z be (-4)/(-2 - (-7)/4). Let m(y) = 9*y + 12*y + 1 + 0. Let f be m(3). What is the highest common divisor of f and z?
16
Suppose -38 = -4*w + 6. Let n = 151 + 69. Let p be (30/25)/3*n. Calculate the greatest common factor of w and p.
11
Suppose 3*j + 5*v = 38, -3*j + 78 = 3*v - 6*v. Calculate the highest common factor of j and 147.
21
Suppose -30 = 7*a - 9. Let q(j) = j**3 + 5*j**2 + 3*j + 3. Let k be q(a). Calculate the highest common divisor of k and 60.
12
Let n be (-108)/81 + 67/3. Calculate the greatest common divisor of n 